 o a composite number?
False
Suppose 3*z = -6, 5*l + 103 = -3*z - 113. Let h be 82/7 + (-12)/l. Is ((-8)/h)/(4/(-150)) prime?
False
Let s be 92*((-10)/(-4) + -2). Is s - ((-1 - -7) + -3) a prime number?
True
Let t be (-10 - 2)*(-2)/4. Suppose t*q = 2*q - 3*x + 331, 4*q + x = 321. Is q a prime number?
True
Is -1 + (-11193)/(-15) + 3/(-15) composite?
True
Let p = 342 + -10. Suppose 0 = 5*d + p - 2007. Is d a composite number?
True
Let g(x) = x**2 - 8*x - 3. Let d be g(9). Suppose 5*w - d*w = -59. Is w a prime number?
True
Let g be 76/12 - (-1)/(-3). Suppose 3*x = g*x - 171. Is x composite?
True
Let l be 624/4 - -3 - 2. Let j = l + -42. Is j composite?
True
Let g(o) = 16*o**3 + 6*o**2 - 8*o - 1. Is g(4) prime?
True
Let g(l) = -l**3 + l - 1. Let f(w) = -5*w**3 - 10*w**2 + 8*w - 16. Let o(c) = -f(c) + 6*g(c). Is o(7) prime?
False
Suppose 4*w = -q + 2, 5*q - 3*w = -0*w + 10. Let s be 265/q*28/35. Is (s/(-4) + -1)*-2 a prime number?
False
Let h(y) = -y + 1. Let v be h(-2). Let t(r) = -2*r**2 - v + 4*r**2 + 6*r - 2. Is t(4) a composite number?
True
Let y = 13 - 5. Let m(p) be the second derivative of p**4/6 - 2*p**3 + 3*p**2 - 2*p. Is m(y) prime?
False
Let t(c) = 12*c - 4*c - 2 + 3*c + 3. Is t(6) a prime number?
True
Suppose -14 = -0*d - 2*d. Let w(f) = 5*f**2 + 9*f. Let r be w(d). Suppose -5*k = -k - r. Is k a prime number?
False
Let k = 8 + -5. Suppose -k*g = g - 956. Is g a composite number?
False
Let i = 9 + -5. Suppose -31 = -3*s - 2*n + 14, -i*n - 75 = -5*s. Is s prime?
False
Suppose 0 = 3*t - 8*t. Suppose 4*g - 20 = t, 2 = -h + 2*g - 2. Is ((-489)/h)/((-2)/4) a composite number?
False
Suppose -3*h + 3304 = 2*g, 2*g = h + 4*h + 3320. Is g a prime number?
False
Let l = 449 - -766. Suppose 4*c - l = c. Suppose 5*v - v - 333 = 5*t, -5*v + 4*t = -c. Is v a composite number?
True
Suppose -2*x + x + 4*t + 37 = 0, -4*x - t = -148. Suppose -231 - x = -4*k. Is k prime?
True
Let h be ((-3)/(-2))/(5/(-10)). Let j(s) = -2*s**3 - 3*s**2 - 2*s + 4. Is j(h) composite?
False
Let o = 56 + -25. Is o composite?
False
Is ((-2)/4)/((-3)/654) a composite number?
False
Let y = -2 - -3. Let h be 6/(y*4/2). Suppose 0 = f + 5, -2*m + h*m + 9 = -4*f. Is m composite?
False
Suppose -y = 2*l - 3, -3*l - 3 = -4*y + 3*y. Suppose -524 = d + y*d. Let f = -45 - d. Is f a prime number?
False
Let l(w) = w**3 + 7*w**2 - w - 4. Let k be l(-7). Suppose -k*j = -66 - 111. Is j composite?
False
Let m be -2*(2 + -1) - 1. Let q(y) = -18*y - 1. Is q(m) composite?
False
Let r = -997 + 1488. Is r prime?
True
Let g be ((-910)/(-8))/(1/4). Let z(b) = b**3 + 6*b**2 + 5. Let h be z(-6). Suppose h*y = -0*y + g. Is y composite?
True
Let p = 429 - 192. Is p prime?
False
Is 3/9*(2069 + (-4)/2) a prime number?
False
Let o = 191 + -102. Is o composite?
False
Let l be 0 + (8 + -4)/2. Suppose l*b - 35 = 3. Is b composite?
False
Suppose -2*l + a - 194 = 0, 0 = -3*l + 4*l + 4*a + 79. Let i = 146 + l. Is i composite?
True
Let o(w) = w**2 + 6*w + 3. Let d be o(-6). Let s be -45 + 9/d + -2. Let f = s - -63. Is f composite?
False
Suppose 2*z = -2*z + 1364. Is z a prime number?
False
Suppose -2*s - 8 = -3*q, q + 5*s = 4*q - 11. Suppose -3*p + q*p + 25 = 0. Is p a composite number?
True
Suppose -93 - 77 = -5*u. Let x = 87 - u. Is x composite?
False
Is (-794)/1*(-3)/6 a prime number?
True
Suppose 6*h = 5*h - 2. Is 110 + h/(-2)*3 a composite number?
False
Let l(t) = -t**3 + 9*t**2 - 9*t + 5. Is l(6) composite?
False
Suppose 2*d + 24 = -4*f - 30, 0 = -4*d + 4*f - 48. Let l = 86 + d. Is l prime?
False
Let g = 66 + 17. Is g composite?
False
Suppose -3*t + 2 = -5*t + p, 5*p = 0. Let i = t - -3. Suppose -19 = -4*y + j, i = -y - j + 3. Is y prime?
False
Let c(a) = -240*a - 25. Is c(-7) a composite number?
True
Is 3/(-18)*2*-102 prime?
False
Let c(g) = -34*g - 9. Is c(-3) prime?
False
Let y(m) = -5*m**3 - m**2 - 6*m + 3. Let n(t) = 14*t**3 + 2*t**2 + 17*t - 8. Let j(p) = 6*n(p) + 17*y(p). Is j(-6) composite?
True
Let o(a) be the third derivative of -a**6/30 - a**5/30 + 5*a**4/24 - a**3/6 + 19*a**2. Let s = 3 - 7. Is o(s) a prime number?
False
Let n(v) = -5*v**3 - 4*v**2 + 9. Let i(s) = s**3 + s**2 - 2. Let x(j) = 9*i(j) + 2*n(j). Let k be x(0). Suppose 4*a - 92 = -k*a. Is a a prime number?
True
Suppose 398 + 420 = 2*y. Is y a composite number?
False
Let r(y) = -20*y**3 + 6 + 21*y**3 - 15 - 10 - 8*y - 12*y**2. Is r(13) a prime number?
False
Let t = -249 + 412. Is t a prime number?
True
Let g(p) = 3*p**3 + 3*p**2 + p + 2. Let b(c) = c + 9. Let y be b(-6). Is g(y) a composite number?
False
Let i = -6 - -5. Let x be (-1 - -1) + i + 0. Is (1 - x)*1 + 13 prime?
False
Let h(d) = -d - 1. Let n be h(-5). Let v be 140 + -4 + (n - 2). Suppose -v = 3*l - 6*l. Is l a composite number?
True
Is -3*-1*(-4)/6 + 2055 composite?
False
Suppose 2*o - 1028 = -2*d, -2*o = 5*d - d - 2046. Is d a composite number?
False
Let a(q) = -17*q. Is a(-7) composite?
True
Let u be 1 + (-3)/(-3)*34. Let v = u - -18. Is v a composite number?
False
Let f be 4 - 0/(-2 - 1). Let c be 365 - -1*(0 + -1). Suppose -3*i = -3*a - 273, 0 = f*i - a + 3*a - c. Is i prime?
False
Let z = 861 - 468. Is z prime?
False
Suppose -h - 362 = -t + 148, 512 = t + h. Is t a prime number?
False
Let f(q) be the first derivative of 7*q**4/4 + q**3/6 + q**2/2 + 2*q + 2. Let g(n) be the first derivative of f(n). Is g(-1) composite?
True
Suppose 0 = 3*p + p. Suppose p = -x - 3*m + 60 + 55, 477 = 4*x - 5*m. Is x composite?
True
Let l = -3 - 1. Is -1 + 2 - (l - 200) a prime number?
False
Let z(t) = -t**3 + 8*t**2 - 1. Suppose -3*f - 4 = -19. Let x be z(f). Suppose g - x = -g. Is g composite?
False
Let a(l) = -l + 2. Let z be a(0). Suppose z*b - 465 = -3*b. Is b a prime number?
False
Let q be (-186)/(-48) + (-2)/(-16). Suppose f + 1018 = 2*x - 0*x, -4*x = -q*f - 2036. Is x prime?
True
Suppose 11*t - 1636 - 597 = 0. Is t prime?
False
Suppose 0*o + 10 = 2*t + 2*o, -t - 4*o = -11. Suppose 736 = 4*m + 2*p - 4*p, t*p = -m + 191. Is m composite?
True
Let w be -2 - (-1 + (-1 - -1)). Is 1 - (51*w + -1) prime?
True
Let r be 3 - (-4 + (1 - -1)). Suppose 2*u = -2*q - 3*q + 178, -3*u + 217 = -r*q. Is u prime?
True
Suppose 24 = 3*f + 3*q, -3*f = -6*f + 5*q. Let n(j) = 14*j - 3. Is n(f) a prime number?
True
Let w(b) = 65*b**2 + b + 3. Is w(-4) a composite number?
False
Let i be 346 + (-1 - -3) + 0. Let f = -518 + i. Let h = -79 - f. Is h prime?
False
Suppose 0 = 3*m + 3*g - 3, -g - 3 + 16 = -5*m. Let x be 4/m*(-4 + 0). Is (x + 7)*11/3 a composite number?
True
Let u = 637 + -300. Is u a composite number?
False
Let r(v) = -v**3 + 11*v**2 + 5*v - 12. Suppose 5*t = 24 + 31. Is r(t) composite?
False
Suppose h + 3*h + 1058 = 3*a, 3*a - 1013 = -5*h. Is a prime?
False
Let d(b) be the second derivative of -b**5/20 + 5*b**4/4 - 7*b**3/6 - 9*b**2/2 - 2*b. Is d(14) composite?
False
Suppose -447 = -4*a + 3*k, 2*a - 49 = -2*k + 157. Suppose a = 2*c - 50. Is c a composite number?
False
Let v(u) = -3*u - 6. Let z(x) = -16*x - 29. Let w(a) = -11*v(a) + 2*z(a). Let b be w(-8). Suppose -3*y = -b*y - 231. Is y prime?
False
Suppose -z - 4*z = -10. Suppose -z*r = -0*r - 74. Is r a composite number?
False
Suppose 10*k = 11*k - 211. Is k composite?
False
Let l(n) = -n + 8. Let r be l(6). Let x be r - 3 - (-2 + 13). Is (-952)/x + (-2)/6 a prime number?
True
Is 16521/2*(-12)/(-18) composite?
False
Suppose 5*d - 57 - 1898 = 0. Is d a composite number?
True
Let j = -22 - -20. Let i(r) = -271*r + 3. Is i(j) a composite number?
True
Is -2*3/(18/(-3453)) composite?
False
Suppose 24 - 125 = 3*t - 2*r, -t - 33 = -r. Is (-235)/t - (-4)/14 composite?
False
Suppose -4*w = -2*i - 566, 0*i = -3*i + w - 829. Let m = -12 - i. Suppose -3*b + 278 + 115 = 4*h, -2*b - 3*h + m = 0. Is b composite?
False
Let r = 1170 + -579. Is r a composite number?
True
Suppose q - 9 = 56. Suppose -3*l + 2*l = -q. Is l a prime number?
False
Let w(z) = 2*z + 1. Let m be w(1). Suppose 0 = m*u + 208 - 1771. Is u composite?
False
Let y be 1535/7 - 2/7. Let v = 75 + y. Suppose 0 = 4*w + i - 145, -5*w - 124 = 5*i - v. Is w composite?
False
Let y(g) = g**3 - 8*g**2 - 5*g - 2. Is y(9) a composite number?
True
Let u(b) = 59*b - 3. Is u(4) a composite number?
False
Let a(u) be the third derivative of u**6/120 + 7*u**5/60 - u**4/6 - u**3/2 + 2*u**2. Is a(-6) composite?
